alse
Is 23909 prime?
True
Is 4657 composite?
False
Is 25931 a prime number?
True
Is 8734579 prime?
False
Is 4595 a prime number?
False
Is 799813 a composite number?
True
Is 81521 a composite number?
True
Is 61207 a prime number?
False
Is 250027 prime?
True
Is 1204139 prime?
True
Is 15 prime?
False
Is 28415 prime?
False
Is 2149 a prime number?
False
Is 419639 a prime number?
False
Is 573483 a prime number?
False
Is 23311 prime?
True
Is 419 a prime number?
True
Is 243911 composite?
False
Is 3505 prime?
False
Is 113603 prime?
False
Is 18301 prime?
True
Is 2371 a composite number?
False
Is 194657 a composite number?
True
Is 248813 a composite number?
False
Is 372013 a composite number?
False
Is 78133 a prime number?
False
Is 22846 a prime number?
False
Is 87679 prime?
True
Is 30865 a prime number?
False
Is 254797 composite?
True
Is 33717 a composite number?
True
Is 889579 prime?
True
Is 24437 a composite number?
True
Is 8501 a prime number?
True
Is 654785 a composite number?
True
Is 6043 a prime number?
True
Is 5069 prime?
False
Is 2459 composite?
False
Is 73027 prime?
False
Is 65153 a prime number?
False
Is 78719 a composite number?
True
Is 43315 prime?
False
Is 9409 prime?
False
Is 89617 prime?
False
Is 5807 a composite number?
False
Is 12799 composite?
False
Is 916259 composite?
False
Is 73703 a composite number?
True
Is 2337821 composite?
False
Is 346793 composite?
False
Is 156217 composite?
False
Is 262165 composite?
True
Is 1006741 a prime number?
False
Is 3991 a prime number?
False
Is 77021 a prime number?
False
Is 16615 a composite number?
True
Is 13579 a prime number?
False
Is 11443 composite?
False
Is 31259 a prime number?
True
Is 450155 composite?
True
Is 97453 composite?
False
Is 35773 prime?
False
Is 416951 prime?
False
Is 3953 prime?
False
Is 14829 a prime number?
False
Is 12713 prime?
True
Is 262999 a prime number?
False
Is 191999 prime?
True
Is 9091 a prime number?
True
Is 346315 prime?
False
Is 679389 prime?
False
Is 8719 composite?
False
Is 732883 composite?
True
Is 536581 a composite number?
True
Is 7121 a composite number?
False
Is 198197 prime?
True
Is 162209 a prime number?
True
Is 2352307 a prime number?
False
Is 34834 a prime number?
False
Is 210347 composite?
False
Is 7814 a prime number?
False
Is 39929 prime?
True
Is 407 prime?
False
Is 1893403 prime?
True
Is 11677 a composite number?
False
Is 18527 composite?
True
Is 16871 a prime number?
True
Is 123169 a prime number?
True
Is 106885 prime?
False
Is 192091 prime?
True
Is 3498487 prime?
True
Is 325723 a composite number?
False
Is 62587 a composite number?
True
Is 455369 a prime number?
False
Is 175493 prime?
True
Is 12373 prime?
True
Is 1086109 a prime number?
False
Is 28957 composite?
True
Is 1657 a composite number?
False
Is 2605201 prime?
True
Is 1086019 composite?
True
Is 298817 a composite number?
False
Is 11901 composite?
True
Is 14401 a prime number?
True
Is 523541 prime?
True
Is 22297 prime?
False
Is 138063 a composite number?
True
Is 688937 a composite number?
True
Is 1423857 prime?
False
Is 39947 prime?
False
Is 22863 prime?
False
Is 77905 a composite number?
True
Is 24439 composite?
False
Is 126001 a composite number?
False
Is 1265497 composite?
True
Is 631 prime?
True
Is 242057 prime?
True
Is 12058 a prime number?
False
Is 17291 composite?
False
Is 81721 composite?
True
Is 10477 a prime number?
True
Is 6319 a prime number?
False
Is 31282 prime?
False
Is 8119 a composite number?
True
Is 1131773 prime?
False
Is 1399 a prime number?
True
Is 65122 a composite number?
True
Is 19303 prime?
False
Is 15991 composite?
False
Is 455987 a prime number?
False
Is 64871 a composite number?
False
Is 5793 a prime number?
False
Is 2278421 a prime number?
True
Is 6331 a composite number?
True
Is 8083 a composite number?
True
Is 15689 a prime number?
False
Is 9413 composite?
False
Is 1711 a prime number?
False
Is 2285 composite?
True
Is 2128955 a prime number?
False
Is 3329 prime?
True
Is 229241 a prime number?
False
Is 2669 composite?
True
Is 4835 composite?
True
Is 66271 a composite number?
False
Is 19835 a composite number?
True
Is 56519 prime?
True
Is 1116127 a composite number?
True
Is 528611 a prime number?
True
Is 19939 a composite number?
True
Is 12569 composite?
False
Is 9217 a composite number?
True
Is 29909 a prime number?
False
Is 168997 a prime number?
False
Is 34787 a composite number?
True
Is 20671 a prime number?
False
Is 11923 a prime number?
True
Is 171485 prime?
False
Is 104989 a composite number?
True
Is 26671 a prime number?
False
Is 119371 composite?
True
Is 1461 composite?
True
Is 3433 prime?
True
Is 37533 a composite number?
True
Is 9293 a composite number?
False
Is 11441 composite?
True
Is 122693 prime?
True
Is 159491 prime?
True
Is 21433 composite?
False
Is 138727 prime?
True
Is 3746 a composite number?
True
Is 6539 a composite number?
True
Is 1159099 prime?
False
Is 4629 a prime number?
False
Is 5669 a composite number?
False
Is 4391 a prime number?
True
Is 8219 composite?
False
Is 2581 prime?
False
Is 3937 prime?
False
Is 16603 composite?
False
Is 2999 a prime number?
True
Is 732073 a prime number?
True
Is 329503 composite?
False
Is 1186819 prime?
False
Is 13555 prime?
False
Is 2813 composite?
True
Is 12517 a composite number?
False
Is 2741 a composite number?
False
Is 6491 a composite number?
False
Is 153673 a composite number?
True
Is 3480833 prime?
True
Is 2131387 a composite number?
True
Is 77879 a composite number?
True
Is 329767 a composite number?
True
Is 279935 prime?
False
Is 344509 composite?
True
Is 204947 composite?
False
Is 232381 a composite number?
False
Is 259669 a prime number?
False
Is 3643 prime?
True
Is 10421 a composite number?
True
Is 100007 prime?
False
Is 860239 prime?
True
Is 75431 a prime number?
True
Is 1831 composite?
False
Is 54667 a composite number?
False
Is 135799 composite?
False
Is 34241 composite?
True
Is 1891453 a composite number?
True
Is 14158 prime?
False
Is 36253 a composite number?
True
Is 46601 a prime number?
True
Is 15389 prime?
False
Is 134473 a prime number?
False
Is 78331 prime?
False
Is 72613 prime?
True
Is 1536581 a composite number?
False
Is 12335 composite?
True
Is 101683 a prime number?
False
Is 1261 prime?
False
Is 33833 a prime number?
False
Is 466781 a prime number?
False
Is 9935 prime?
False
Is 49103 composite?
False
Is 247529 composite?
False
Is 23365 composite?
True
Is 13021 a prime number?
False
Is 69197 a composite number?
False
Is 52141 a composite number?
True
Is 10411 composite?
True
Is 273337 prime?
False
Is 2285 composite?
True
Is 6029 composite?
False
Is 56941 composite?
False
Is 13235 prime?
False
Is 126517 a composite number?
False
Is 853773 composite?
True
Is 1428409 prime?
True
Is 559939 prime?
True
Is 823309 prime?
True
Is 133451 a prime number?
True
Is 4833265 a composite number?
True
Is 1061689 a prime number?
True
Is 407787 prime?
False
Is 685787 prime?
False
Is 2632463 a composite number?
False
Is 603257 prime?
True
Is 3953 a composite number?
True
Is 134579 a prime number?
False
Is 2606471 prime?
False
Is 4083 prime?
False
Is 6947 a composite number?
False
Is 7123 composite?
True
Is 18691 a prime number?
True
Is 571369 composite?
False
Is 41014 prime?
False
Is 1809217 composite?
False
Is 256546 a prime number?
False
Is 400429 composite?
False
Is 110947 prime?
True
Is 16279 composite?
True
Is 1711 composite?
True
Is 32869 prime?
True
Is 152353 prime?
False
Is 434107 prime?
True
Is 3117623 a composite number?
False
Is 454647 composite?
True
Is 25895 prime?
False
Is 1690421 a prime number?
True
Is 1502 composite?
True
Is 44579 a prime number?
True
Is 2392783 a composite number?
True
Is 10903 composite?
False
Is 45519 a composite number?
True
Is 93017 composite?
True
Is 436913 a composite number?
False
Is 737683 a composite number?
False
Is 205019 composite?
False
Is 842906 prime?
False
Is 53543 prime?
False
Is 12251 prime?
True
Is 8453 prime?
False
Is 505649 composite?
True
Is 179 a prime number?
True
Is 39737 a composite number?
True
Is 21713 a composite number?
False
Is 10477 a prime number?
True
Is 242129 a prime number?
True
Is 14051 a prime number?
True
Is 1818799 a composite number?
False
Is 536509 a composite number?
False
Is 76767 a composite number?
True
Is 22535 com